rue
Let b = -112 - -218. Suppose 5*h - b + 6 = 0. Suppose h*r = 17*r + 11805. Is r composite?
True
Is (4/8)/(3/15018) a prime number?
True
Let z = 5 + -2. Let v be 147/35 + 9 + -14 - 28/(-10). Suppose v*h + 55 = j + z*h, j - 79 = 5*h. Is j a composite number?
False
Let w = -158 + 240. Let h = w + -79. Suppose -h*x = 4*x - 5047. Is x composite?
True
Suppose i + 36 = -i. Let r = i - -21. Is 1520/4 - (r - 5) prime?
False
Suppose 4*h + 5976 = 30964. Is h prime?
True
Suppose 504*r = 514*r - 1662370. Is r a prime number?
True
Let g(t) = t + 110. Let r be g(9). Suppose 360 = w - r. Is w a composite number?
False
Let w = 9228 - -75223. Is w a composite number?
True
Let k = 89 + -70. Suppose -t + 12 = -5*g, 8*g - 3*g = 2*t - k. Is t prime?
True
Suppose -12333484 = -94*k + 11998134. Is k composite?
False
Suppose 0*j + 4*j - 168 = 0. Suppose -5*q + j = 3*m - 4*q, 48 = 3*m - q. Is 1340 + 2/((-10)/m) a prime number?
False
Let j(x) = 9 + 54*x**2 + 6*x + 115*x**2 + 21. Is j(7) prime?
True
Let f = 84186 + -20948. Suppose 4*h - 2*x = -7*x + 63246, f = 4*h + x. Is h a prime number?
True
Let z(m) = -418*m + 12. Let t(w) = -419*w + 13. Let a(i) = 6*t(i) - 5*z(i). Let f be a(4). Is f*4/(-16)*1*2 a prime number?
True
Let c be (-84)/(-147)*7/2. Suppose 5*m + 66326 = 3*g, c*m = 2*g + m - 44229. Is g composite?
True
Let o be (2 + (-2 - -1))*2. Suppose 2*c - o*s = 1718, 1722 = 3*c - c - s. Suppose 5*y = 4*y + c. Is y composite?
False
Suppose 3*p = 2*q - 542, 0*q + q + p - 266 = 0. Let a = q - 107. Is a composite?
True
Let c = -264 + 271. Suppose 20043 = c*y - 13984. Is y prime?
True
Suppose -74 = -4*y - 54. Suppose 2*o + 30 = -3*o + y*z, 2*o + 4*z = 0. Is 2*(o/(-1) + (-3880)/(-16)) prime?
False
Is (-30)/240*(-5 - 156771) composite?
False
Suppose 6*h = 8*h - 534744. Suppose -h = -26*t - 50818. Is t a prime number?
True
Suppose -3*r + 31 = 4*q, -4*r + 8*r = -2*q + 28. Let c(w) = -2*w**3 - 73*w**2 + 33*w - 145. Let u be c(-37). Suppose r*k - 737 = -x - u*x, 3 = 3*k. Is x prime?
False
Let h(r) = -r**2 - 7*r + 3. Let n be h(-3). Suppose n*b + 15148 = 19*b. Is b prime?
False
Let b = -762 - -2862. Let c be (-12)/32 + b/(-32). Is (-2)/(-11) + (-60114)/c composite?
False
Suppose -2*u = -0*u - 4712. Let n = u + -1567. Is n prime?
False
Let o(r) = 44758*r - 2655. Is o(2) a composite number?
False
Suppose 4198*i = 4200*i - 110486. Is i composite?
False
Suppose -1775997 + 156012 = -15*d. Is d composite?
False
Suppose 5*n - 5059 - 61511 = -5*b, -b + 13294 = -3*n. Is b a prime number?
True
Let o(t) = 49*t**3 + t**2 + 2*t - 3. Let a(b) = b**3 - b**2 + b + 2. Let p = 53 + -53. Let c be a(p). Is o(c) composite?
False
Is (-3)/(3/(-56440)) - (30 + (8 - 29)) a prime number?
True
Let w(u) = 2*u**2 - 13*u - 15. Let d(v) be the first derivative of -v**3/3 - 7*v**2 - 14*v - 16. Let b be d(-12). Is w(b) prime?
False
Let c(g) = -1554*g**3 + 3*g**2 - 13*g - 33. Is c(-2) a prime number?
True
Let c = 21 - 25. Let y be 12/4 + c + -368. Let p = y - -570. Is p prime?
False
Let d = 27 - 32. Let b be (d - -4)/(-3)*363. Suppose 2*g - 719 = -b. Is g a composite number?
True
Suppose -5*m + 389493 = -2*l, -14*m - 311598 = -18*m - 2*l. Is m a composite number?
False
Let o = -204 + 469. Suppose -130 = 5*h + o. Let r = 12 - h. Is r a composite number?
True
Let d = -651 + 948. Suppose -t + d = -28. Let x = t - -124. Is x a prime number?
True
Let f(h) = -73*h + 57. Let l be f(-5). Suppose p + 0*p - 3 = 0. Is l/(-8)*-18*2/p a composite number?
True
Suppose -164*f = 26*f - 21468290. Is f a prime number?
False
Let f(c) = -1483*c**3 - 4*c. Let u be f(-3). Let i = u - 6136. Is (i/(-26))/(1 - 9/6) prime?
True
Let z be (-2 - 12/(-4))*3. Suppose 5*h - 3*l = 39020, 0 = 6*h - z*h - 3*l - 23406. Is h a prime number?
False
Let b be (-7 + (-45716)/(-12))*6/(-4). Let u = b + 8481. Is u prime?
True
Let r(f) = 3150*f - 2721. Is r(9) a composite number?
True
Is 2*(16 - 282151485/(-570) - 6/57) a prime number?
True
Suppose -3*a + 4*d - 4 = 0, a - 3*a = 2*d - 2. Suppose -m = 3*q - 101, -m + 3*q + 119 = -a*q. Is (-48030)/(-22) - 20/m composite?
True
Let k be (-1 - 1/2)/(48/(-75968)). Let t = -831 + k. Is t composite?
False
Let j(b) be the first derivative of -2*b**3/3 + b**2 + 329*b + 68. Is j(0) composite?
True
Suppose -v + 2924 = 4*u, 0 = u + 5*v - 0*v - 750. Let n = -173 + u. Is n a composite number?
False
Let g = 321 - -231. Let z = g + -150. Is (z/(-5))/(-3)*5 composite?
True
Let k(g) = 13*g**3 - 322*g**2 + 34*g + 10. Is k(27) prime?
False
Suppose 2*d - 8 = 0, 3*d + 25589 - 6554 = 3*y. Is y composite?
True
Suppose 124133 = 8*d - 916419. Is d a composite number?
False
Suppose x = -6*t + 3*t + 116758, -t + 38952 = 5*x. Is t composite?
False
Suppose 11*r - 5673151 = 5027823 - 601533. Is r prime?
True
Suppose -18 = -m - 13. Let p = 745 - 24. Suppose 2*h - 22 = i - p, 3503 = m*i - 2*h. Is i composite?
False
Suppose 2*n - 5*m + 12 = 0, 0*n + 3*n + 3*m - 3 = 0. Let z be (n + 1)/(4*(-12)/16). Suppose -4*v + 4*f = -9*v + 17273, 5*v + 3*f - 17276 = z. Is v prime?
True
Let m(o) = 256*o**2 - 91*o + 1131. Is m(14) a composite number?
False
Let w(d) = 21*d - 2. Let j be w(-3). Let g = j + 70. Suppose -4*i - 6454 = -2*l - 2*i, g*l = 2*i + 16123. Is l a composite number?
True
Suppose 11 + 46 = -i. Let x = 69 + i. Is ((-4)/6)/(9/((-146934)/x)) a composite number?
False
Let w(n) = n - 117. Let x be w(0). Let a be x*-1*(-692)/12. Is (a/(-6) - -2)*(1 - -1) prime?
False
Let k be 3/2*-4*14/12. Let u(p) = -p**2 - 7*p + 3. Let l be u(k). Suppose l*d + 177 = 1254. Is d a composite number?
False
Is ((-182)/(-65))/((1/15)/(19444/24)) composite?
True
Let c = 39 - 34. Suppose c*m - z - 191 - 20 = 0, -2*m + 3*z + 74 = 0. Suppose -63 = -2*o + m. Is o prime?
True
Let u = -23 + 25. Suppose 3*p = u*p + 164. Suppose -p - 506 = -5*i. Is i composite?
True
Suppose -12*u = -16*u + 5*f + 3740, 2*u + 4*f - 1896 = 0. Let a = -653 + u. Is a a prime number?
False
Let y = -112327 - -321976. Suppose -y = -18*k + 15*k. Is k a composite number?
True
Let y be (110/15)/(1/3). Suppose 0 = -20*b + y*b - 120. Suppose 0 = -n + 589 + b. Is n a prime number?
False
Let m be ((-2)/(-6))/((-6)/(-5616)). Let s = m - -319. Is s a composite number?
False
Let c(n) = 1731*n + 75. Let b(r) = 1730*r + 73. Let t(s) = -5*b(s) + 6*c(s). Is t(7) a composite number?
True
Let a = -638 - -527. Let t = 238 + a. Is t a prime number?
True
Suppose -i - i = 4*i. Suppose i = -307*w + 318*w - 101431. Is w a prime number?
True
Let x(v) = -978*v + 49. Let s(a) = -3*a**2 - 7*a - 8. Let i be s(-1). Is x(i) composite?
True
Let t(w) = w**3 - 20*w**2 + 4. Let j be t(20). Suppose 0 = j*u + 94 + 2. Let v = 121 - u. Is v a prime number?
False
Suppose 3*o - 1596 - 4514 = -l, 2*o = -2*l + 12224. Is l a prime number?
True
Suppose -3*d + 11*d + 72 = 0. Let w be 6*(-3)/5*(-3660)/d. Let k = -835 - w. Is k a composite number?
True
Suppose 0 = -5*t + 6*t + 426. Let g be (-21741)/(-27) - (-4)/(-18). Let d = t + g. Is d prime?
True
Suppose 36*y = 10*y + 42*y - 3408. Is y a prime number?
False
Suppose -402266 = -3*h + p, -h - 5*p + 402218 = 2*h. Is h prime?
False
Let u = -82 + 101. Suppose -12*v - 58009 = -u*v. Is v prime?
True
Let r(i) = i**2 - 7*i - 4. Let h be r(8). Suppose h*t - v - 114651 = 22628, 2*t - 2*v - 68644 = 0. Is t prime?
True
Suppose 16*i - 785598 = 5*i. Suppose -20*b - i = -26*b. Is b composite?
False
Let f(z) = 517*z - 19. Let p(a) = -259*a + 9. Let j(s) = -4*f(s) - 9*p(s). Let x = 128 + -126. Is j(x) a prime number?
True
Suppose -380888 + 133136 = -24*m. Is (m - (-56)/(-7))*(-2)/(-2) prime?
False
Is (246588 - -1) + 10 + -47 + 37 a composite number?
True
Suppose -16*c + 9*c - 14 = 0. Is c + 8 - (-1249 - 4) composite?
False
Let g = 64633 - 45696. Is g a prime number?
False
Let s(f) = -6*f + 17. Let r be s(2). Is (0 - -1)*-1*(r - 2464) prime?
True
Is 4/3 + -1 - 111807950/(-453) prime?
True
Let a(n) = 2347*n**2 - 4*n - 4. Let w be a(-4). Suppose -2*l = -6*l + w. Is l prime?
True
Let i(p) = 64726*p + 807. Is i(10) composite?
True
Let k(h) = 4*h**2 + 12*h - 6. Suppose -50 = 10*f + 60. Is k(f) a composite number?
True
Let j = 2818973 - 1497082. Is j a prime number?
True
Suppose -3*d = -5*h - 34, -4*h = 2*d - 0*h - 8. Is 107361/12 + d/32 composite?
True
Let h = 611 - 609. Is (25212 + 94)*h/4 prime?
True
Suppos